 Suppose -n*w = -3*w + 90. Calculate the highest common factor of p and w.
18
Suppose -5*w + 41 = 3*t - 29, -5*w - 2*t = -75. Calculate the highest common divisor of 102 and w.
17
Suppose 27*a - 22*a + 15 = 0. Let o = 10 + a. Calculate the highest common factor of o and 7.
7
Suppose -11*n + 21 = -617. Let t(x) = -28*x + 1. Let m be t(-1). Calculate the highest common divisor of m and n.
29
Let f be (-1)/((-4)/(-52)*1). Let c = 20 + f. Suppose 0*v - c = -v. What is the highest common factor of 28 and v?
7
Suppose -192 - 156 = -4*z. What is the highest common factor of 145 and z?
29
Suppose 0 = -2*g + 5*x - 185, -5*g - 385 = x + 2*x. Let i = -47 - g. Calculate the highest common factor of i and 11.
11
Suppose 2*q = 3 + 5, -5*k + 3*q + 48 = 0. Let r = k - 0. Let l(t) = -2*t. Let i be l(-6). What is the greatest common factor of r and i?
12
Let s(i) = 3*i - 5. Let u be s(7). Let h = -9 + u. Suppose 2*a + 2*o - 9 - h = 0, a = 4*o + 13. Calculate the greatest common divisor of a and 63.
9
Let u(s) = 2*s**3 + 6*s**2 - 9*s + 3. Let z be u(-4). Let o(l) = l**3 - 7*l**2 + 11. Let r be o(z). Calculate the highest common divisor of r and 22.
11
Let d be ((-30)/18)/(2/(-6)). Suppose -35 = -d*h - 0*q - 3*q, 5*q = 2*h + 17. Calculate the highest common factor of h and 1.
1
Suppose k + 6*k + 280 = 0. Let q = -20 - k. What is the highest common factor of q and 30?
10
Suppose v - 3*d = 423 - 7, 2*d - 832 = -2*v. What is the greatest common factor of 224 and v?
32
Let z = -74 - -103. Let l = -86 + 15. Let d = -13 - l. What is the greatest common divisor of d and z?
29
Let f = 127 - -25. Let i be 1/(2 + 45/(-24) - 0). What is the highest common divisor of f and i?
8
Let u(d) = d**3 - d**2 + 5*d + 252. Let o be u(0). What is the greatest common factor of 108 and o?
36
Suppose -6 = -4*p + 14. Suppose -16*c = 4*i - 11*c - 8, -3*i + 2*c + 6 = 0. Suppose i*a + 9 = p*a. Calculate the highest common divisor of a and 12.
3
Let s = 1415 + -1392. Suppose 4*w = w + 69. Calculate the greatest common divisor of s and w.
23
Suppose -102 - 50 = -8*v. Calculate the highest common factor of 361 and v.
19
Let a(o) = -o - 5. Suppose -3*u + 6 = 24. Let t be a(u). What is the greatest common factor of 8 and t?
1
Let p be 6*(-4)/(-24)*4. Suppose -n = -p*m - 0*n + 41, 4*n + 10 = 2*m. Let j be 4/(-10) - 167/(-5). What is the greatest common divisor of j and m?
11
Suppose 27*h - 1765 - 2555 = 0. What is the highest common factor of 20 and h?
20
Suppose i + z - 895 = 5*z, -2*i + 1816 = 5*z. Calculate the highest common factor of 21 and i.
21
Let w(z) = 3*z - 15. Let t be w(8). Suppose t = 5*a - 86. Calculate the greatest common factor of a and 38.
19
Suppose -3*x = -3*o + 201, 8*o - 4*o = 3*x + 265. Calculate the highest common factor of o and 4.
4
Suppose -97*s + 50*s = -3196. What is the highest common divisor of 2 and s?
2
Let l = -7 + 2. Suppose 2*n - 2*u = 22, 4*u = n - 0*u - 14. Let b be (l/n)/((-2)/4). What is the greatest common divisor of b and 5?
1
Let w(n) = n**3 + n**2 - 2. Let z be w(2). Suppose j + j = z. What is the highest common divisor of 10 and j?
5
Let d be (-12)/(-42) + (-88)/14. Let v be d/15 - 94/(-10). Let l be -15*9/(9/(-3)). What is the highest common factor of l and v?
9
Let a be (0 + 2)/(2/70). Let y = -17 + 17. Suppose y*d + 5*d = 140. Calculate the highest common factor of a and d.
14
Let f = 91 - 28. Suppose f = 6*b + 3*b. Calculate the greatest common factor of b and 49.
7
Suppose l = 0, 3*l = 7*m - 6*m - 1. Let v(s) = 0 + 36*s + 1 + 61*s. Let d be v(m). What is the highest common factor of 14 and d?
14
Let n be 3*(2 + 10/(-3)). Let u(j) = -2*j**3 - 5*j**2 + 4*j + 4. Let s be u(n). What is the greatest common factor of 24 and s?
12
Let y(z) = 19*z**2 - z + 2. Let q be (-4)/(-8)*(-1)/(3/(-6)). Let h be y(q). Calculate the highest common factor of h and 8.
4
Let t(v) = 5*v - 3. Let a be t(3). Let k be 5/1*36/45. Let b(j) = 2*j**3 - 2*j**2 - j - 8. Let m be b(k). What is the greatest common divisor of a and m?
12
Let v(h) = 31*h + 63. Let a be v(-2). Calculate the highest common divisor of a and 13.
1
Suppose 4*p - 4*r = -p, 2*p - 3*r = -7. Calculate the highest common factor of 796 and p.
4
Let j(l) = l**2 + 2*l + 1028. Let t be j(0). Suppose -k - 4*c = -248, 2*c = 3*k + k - t. Calculate the greatest common factor of k and 32.
32
Let h(y) = -y**3 + 2*y**2 + 2*y + 4. Let a be 18/(-3)*(-7)/14. Let u be h(a). What is the greatest common divisor of u and 4?
1
Suppose 84 = 4*t - 24. Calculate the highest common divisor of 9 and t.
9
Let i = -28 - -37. Suppose -4*z = z + 10, m + 5*z + 136 = 0. Let g be 2/i - 5012/m. Calculate the greatest common divisor of g and 60.
20
Suppose i - 9 + 2 = 0. Suppose -i*u + 184 = -2*u + g, 0 = -5*u - 3*g + 192. Calculate the highest common factor of 9 and u.
9
Suppose 3*s = h - 4*h, 5*h + 15 = 0. Let x(q) = -q**3 + 21*q**2 - 21*q + 21. Let y be x(20). Calculate the greatest common factor of y and s.
1
Let k = 1334 + -652. Calculate the greatest common factor of 124 and k.
62
Let c(h) = 3 + 2 + 9 + 1 + 2*h. Let g be c(4). What is the greatest common divisor of g and 138?
23
Let i = 914 - 837. What is the greatest common factor of 132 and i?
11
Let s(h) = -h - 7. Let l be s(-6). Let z(f) = 11*f + 1. Let m be z(l). Let a be m*9/6*-1. Calculate the greatest common divisor of 105 and a.
15
Let k = 12 + 72. Suppose 7*x = 13*x + k. Let r = 27 + x. Calculate the highest common divisor of 143 and r.
13
Let q = 0 + 1. Let o = q - 8. Let j(k) = k**2 + 7*k + 3. Let x be j(o). Calculate the highest common divisor of x and 6.
3
Let n be 1/4 + (-238)/56. Let p be (-9)/(-6) - (-74)/n. Let x = 33 + p. What is the greatest common divisor of x and 2?
2
Let j be -1 + (63/(-3))/(-1) + 2. Suppose 3*m + 42 + 33 = 0. Let g be (22/(-2))/(5/m). Calculate the highest common factor of j and g.
11
Let h(y) = -y**3 + 7*y**2 + 2*y - 8. Let g be h(7). Let c be (-1 - 0)/(g/276). Let n = c + 73. Calculate the highest common factor of 3 and n.
3
Suppose 278*x - 249*x = 13920. Calculate the highest common factor of 48 and x.
48
Let p(k) = k**2 + 2*k + 45. Let i be p(0). Let r(o) = 21*o**2 - 6*o - 6. Let d be r(-2). Calculate the greatest common factor of d and i.
45
Let v(z) = -11*z + 129. Let m be v(11). Calculate the greatest common divisor of m and 2.
2
Let q(u) = u**3 + 27*u**2 - 29*u + 17. Let y be q(-28). What is the highest common divisor of y and 165?
15
Let c be -3 - 1/(2/(-12)). Suppose 4*v - 11 = c*v. Calculate the greatest common divisor of 44 and v.
11
Suppose 5*i - 409 = -49. Suppose -v = -4*a - 12, 28*a - 31*a = 3*v - 36. Calculate the highest common divisor of v and i.
12
Suppose v = -4*v + k + 2488, -4*v + 3*k = -1997. What is the highest common divisor of v and 7?
7
Suppose -2665 = -37*u + 887. What is the highest common factor of 156 and u?
12
Let g(o) = 30*o**2 - 3*o + 4. Let s be g(1). Let j = -375 + 623. What is the greatest common divisor of s and j?
31
Let d(b) = b**3 - 2*b**2 + 2*b - 2. Let q be d(2). Suppose q = -2*h - 2*n, 3 - 6 = h + 2*n. What is the greatest common factor of 4 and h?
1
Let z(a) = -2*a**2 - a + 14. Let h be z(-6). Let o = h + 96. What is the greatest common divisor of o and 4?
4
Suppose -r + 2*u - 4*u + 9 = 0, -4*r - 5*u + 30 = 0. Suppose -r*d + 145 = -1130. Calculate the greatest common divisor of 51 and d.
51
Let x(u) = -u**3 + 7*u**2 - 2*u - 6. Let p be x(5). Suppose 2*b - 99 = -3*f, -3*b = -f + 4*f - 150. What is the highest common factor of p and b?
17
Suppose 3*j - 2*y = 12, 3*j = y + 16 - 1. Let h = 9 + -10. Let d = 23 - h. Calculate the greatest common divisor of d and j.
6
Let f(o) = 7*o**2 - 8*o + 4. Let d(y) = -y**2 - y + 16. Let v be d(0). Let i = v - 10. Let k be f(i). What is the greatest common factor of k and 26?
26
Let i = 1 + 4. Suppose i + 11 = 4*m. Calculate the highest common divisor of m and 4.
4
Let c(h) = 2*h + 10. Let l be c(-5). Let g be (-3 - l) + (8 - (-1 + 1)). What is the highest common factor of 45 and g?
5
Let k(i) = 5*i - 10. Let m be k(8). Suppose -5*v + 3*v = -m. What is the greatest common divisor of v and 135?
15
Let y(h) = h**2 + 36*h + 89. Let p be y(-35). What is the greatest common factor of p and 6?
6
Let i(g) = -8*g + 7. Let s be i(-1). Calculate the greatest common factor of 